-1 - 3*-1. Let t(f) be the second derivative of 3/2*f**2 - f**i + 1/12*f**4 + 0 + 2*f. Calculate t(4).
-5
Let h(t) = 2*t**2 + t - 4 + 5 + t + 12*t**3. Let q(c) = 8*c - 33. Let d be q(4). What is h(d)?
-11
Let z(d) = -d**2 + 5*d - 3. Let s(o) = -o**2. Let w be s(-2). Let a be (2/w)/((-2)/16). Suppose a*j - 20 + 0 = 0. What is z(j)?
-3
Let b be ((-2)/4)/((-1)/4). Let p(r) = 4*r - r**2 + r - 2 + 2*r**b. Let k(d) = d**2 - 5*d - 2. Let y be k(4). Determine p(y).
4
Let n = 179 - 184. Let d(l) be the first derivative of -l**2/2 - 6*l + 1. What is d(n)?
-1
Let v(u) = 2*u - 12. Let z be v(9). Let j(g) be the third derivative of -1/3*g**3 + 0*g + g**2 + 0 + 1/120*g**6 - 7/60*g**5 + 7/24*g**4. Calculate j(z).
4
Let d(o) be the third derivative of 0*o**3 + 0*o + 1/24*o**4 + 0 + 5*o**2. Calculate d(0).
0
Let g(a) = -a**2 + 6*a - 4. Let z = 41 - 35. What is g(z)?
-4
Let j(w) = -w**2 - 7*w - 1. Let c(m) be the third derivative of -1/60*m**5 - m**3 + 0 + m**2 + 0*m - 1/3*m**4. Let a be c(-8). What is j(a)?
5
Suppose -3 = -5*c + 7. Suppose 2*p - 4*f - 14 = 0, c*f - 5*f + 22 = 5*p. Let h(q) be the first derivative of q**4/4 - 4*q**3/3 - 2*q**2 - 3*q - 3. What is h(p)?
2
Let b(n) = -n**3 - 4*n**2 + 4*n - 2. Let a be b(-5). Let z(w) = -3 - 3*w + 10*w + 3*w**3 - w - 5*w**2 - 4*w**a. Give z(-6).
-3
Let x(b) = b**2 - 4*b - 2. Suppose 5*g = 10 + 20. Give x(g).
10
Let a(r) = 4*r**2 - 3*r + 3. Let d(y) = -11*y**2 + 17*y - 2. Let f(z) = 7*z**2 - 11*z + 1. Let u(s) = 5*d(s) + 8*f(s). Let h be u(4). Calculate a(h).
13
Let s(v) = 13*v**2 + 29*v + 12. Let u(t) = -7*t**2 - 15*t - 6. Let w(a) = 6*s(a) + 11*u(a). Determine w(-8).
-2
Let h(o) = o**3 - 3*o**2 - 2*o + 2. Let u be h(3). Let r(j) = -j**3 - 5*j**2 - 4*j - 1. What is r(u)?
-1
Let z(p) = 2*p**3 + 6*p**2 - 7*p + p + 1 - 8*p**2 - p**3. Let r(x) = -x**3 + 2*x**2 + 4*x + 1. Let a be r(3). Calculate z(a).
9
Let b(f) be the second derivative of -7*f + 0 + 1/4*f**4 - 1/3*f**3 + f**2. What is b(2)?
10
Let q(w) = 2*w - 3. Suppose 2*n - 3*j - 11 = 0, 0 = -4*n + 5*j - j + 20. Let v be q(n). Suppose 3*y = -2*y - v. Let g(o) = -o**3 + o**2 - o - 1. Determine g(y).
2
Let d(l) = -l**2 - 9*l - 12. Let m be (16/(-10))/(2*3/30). Determine d(m).
-4
Let k = 1 + -1. Let t(n) be the first derivative of -n**4/12 - n**3/6 - 7*n**2/2 + n - 2. Let p(a) be the first derivative of t(a). Determine p(k).
-7
Let v(z) = 2*z**2 + 2*z - 1. Suppose -2 = -4*l - 14. Let b be (l - 5)*(-1)/2. Suppose b = -x - x. Calculate v(x).
3
Let m(u) be the second derivative of u**5/20 - 5*u**4/12 - 5*u**3/6 - 3*u**2/2 - 12*u. Give m(6).
3
Let i(u) be the third derivative of u**4/12 - 7*u**3/6 + 40*u**2. What is i(7)?
7
Suppose -2*l + 18 = 2*x, 7*x - 36 = 3*x + 4*l. Suppose 2*z - 6 = 4*b, -b + x = 3*z + b. Let p(j) = -j. Determine p(z).
-3
Let i(v) be the third derivative of 0 + 0*v - 1/6*v**3 - 1/12*v**4 + 3*v**2 + 1/60*v**5. Suppose -2*p + 6 = -2. Determine i(p).
7
Let a(u) = -u**3 - u**2 + 20. Let c(d) = -2*d**2 + 2*d + 4. Let b be c(2). Give a(b).
20
Suppose -1 - 7 = -8*t. Let r(i) = 5*i - 1. Calculate r(t).
4
Let l(y) = -4*y**3 - 12*y**2 + 13. Suppose -15*h - 41 = 34. Let u(s) = -5*s**2 - 3*s**3 - 3*s**2 + 0*s**2 + 9. Let f(d) = h*l(d) + 7*u(d). What is f(3)?
7
Let s(k) be the third derivative of -k**2 + 0 + 1/2*k**3 + 0*k + 1/20*k**5 + 1/6*k**4. Let p(h) = 2*h**2 - 6*h - 2. Let o be p(3). Give s(o).
7
Suppose -2*b - 2*r + 26 = 2*r, 0 = -5*b + r + 10. Let j(c) be the second derivative of c**5/20 - c**4/3 + c**3/6 + c**2 + 3*c. Give j(b).
-4
Let x(j) be the second derivative of j**4/12 - j**3/6 - 3*j**2/2 + 24*j. Give x(5).
17
Suppose 9*u = 4*u + 15. Let n(s) = s + 1 - 3 - 3 + u. Determine n(-5).
-7
Suppose 2*z = -3*i + 15, -z - 5 = -3*z - i. Suppose b + z*h + 7 = -3*h, -h + 3 = -b. Let d(l) be the first derivative of l**2/2 + 2. Give d(b).
-4
Let t(f) = 1. Let h(b) = b**2 + 6*b - 2. Let c(k) = h(k) + t(k). Suppose -g + 0 = -5. Suppose -3*a + 2*a = g. What is c(a)?
-6
Suppose -5*k + 3*k = 2. Let s = 1 - k. Suppose 0 = -3*i + i + s. Let r(b) = -2*b**2 - b. What is r(i)?
-3
Let i(x) = x**2 + x - 1. Let n(l) = l**3 - 7*l**2 + 4*l + 8. Let q be n(6). What is i(q)?
11
Let v(g) be the first derivative of 4*g - g**2 - 1/3*g**3 + 2. Let q(i) = i**3 - 4*i**2 + 2*i - 1. Let k be q(3). Determine v(k).
-4
Let x(w) = 4*w + 4. Let t(o) = 3*o + 3. Let j(l) = -6*t(l) + 5*x(l). Suppose 58 + 2 = -20*b. Give j(b).
-4
Suppose 4*b + 3*h + 2 = 3*b, 0 = -2*b - 2*h. Let n(y) = -3*y**2 - y. Give n(b).
-4
Let g = -4 + 4. Let l(z) = -3*z + z**2 + 0 - 4 + g*z**2 - 2*z**2. Determine l(-3).
-4
Let a(l) be the first derivative of 2*l**3/3 + l**2/2 - l + 19. Give a(1).
2
Let b(c) = -c + 1. Let z(k) = -6*k + 5. Let g be 14/4 + (-3)/(-6). Let t(i) = g*z(i) - 22*b(i). Determine t(-4).
6
Suppose 37 - 7 = 5*u. Suppose -p = 3 - u. Let t(y) = -p*y**3 + 3*y + 4*y + 2*y**3 + 5*y**2 - 8. Determine t(6).
-2
Let l(v) = 6*v**2 + 1. Suppose 0 = -w - 3*w + 4. What is l(w)?
7
Suppose -8 = -c + 5*i, c - 6*c + 2*i + 17 = 0. Let a(t) = -t**2 + c - t + t. What is a(-3)?
-6
Let f(r) = -r**2 + 3*r + 1. Suppose 28 = -13*s + 9*s. Let y = s - -11. Give f(y).
-3
Let y = 16 + -47/3. Let a(i) be the second derivative of 3*i**2 + y*i**3 + 2*i + 0. Calculate a(-4).
-2
Let w(a) = 4*a + 2*a - 4*a**2 + 7*a**2 - 4*a**2 - 5. Suppose -5*b + m = -82, 0*b = b - 3*m - 8. Let k = -12 + b. Determine w(k).
0
Suppose 1 = 4*y - 7. Let u(q) = 2*q**2 + 2*q**2 - y*q - 4*q**3 + 8*q + 7. Let t(m) = -5*m**3 + 5*m**2 + 7*m + 8. Let a(k) = -5*t(k) + 6*u(k). Calculate a(0).
2
Let l(v) be the third derivative of 0*v**3 + 6*v**2 + 0 + 1/24*v**4 + 0*v. Determine l(1).
1
Let p be 8/(-44) - 48/(-22). Let r(y) = 0*y + 2 - 2*y**2 - 2*y - y. Give r(p).
-12
Let s(t) be the second derivative of -t**3/2 + t**2/2 - t. Suppose -3*r - 8 = r. Let i be (r - (-1 + -2))*-1. What is s(i)?
4
Let x be (-1)/(-6) + 37/(-6). Let v(a) = -a**3 - 7*a**2 - 7*a + 3. Give v(x).
9
Let s(l) = l**2 + 4*l. Let p = 0 - -6. Suppose 3*q + p = -6. Determine s(q).
0
Let n(w) = w**3 + 3*w**2 - w + 5. Suppose 0*f = f - 3. Suppose -2*u - 6*v - 9 = -f*v, u - 4*v = 23. Suppose 4*c = -u - 13. What is n(c)?
-7
Let g(d) = d**3 - 7*d**2 + 5*d - 4. Let w be g(6). Let v be 8/(-20) + (-104)/w. Let c = 10 - v. Let j(b) = -b - 9. Give j(c).
-9
Suppose 0 = -4*i - 0*i + i. Let n(u) = u + 1. Determine n(i).
1
Let d(q) = -q**2 + 11*q + 12. Let n(w) = -w**2 + 12*w + 13. Let s(v) = -6*d(v) + 5*n(v). Calculate s(7).
0
Let v(x) = -x**2 - 4*x - 2. Let o = 11 + -13. What is v(o)?
2
Let q(b) = -b**2 - 6*b + 1. Let d be q(-5). Let s(w) = -11*w**2 + 7*w + 3. Let g(p) = 4*p**2 - 2*p - 1. Let a(c) = 8*g(c) + 3*s(c). What is a(d)?
-5
Suppose -5*k = 4*i + 8, -5*i = -5*k + 13 - 3. Let g be -4 - i/(2 + -3). Let z(j) = j**3 + 7*j**2 + 7*j + 5. Determine z(g).
-1
Let k be (2/(-4))/(3/(-12)). Suppose 5*d = -k*y - 14, 5*y + 5 - 1 = 3*d. Let t(c) = -8*c - 3. Let m(q) = -q. Let w(u) = -6*m(u) + t(u). Calculate w(d).
1
Suppose -2*b + 55 = -7*b. Let t(u) = 4*u + 11. Let m(v) = -6*v - 16. Let g(f) = -5*m(f) - 7*t(f). Let d(j) = j + 2. Let s(z) = b*d(z) + 6*g(z). What is s(4)?
0
Let a be (-3*1)/(12/(-8)). Suppose -a = -3*r + 4. Let c(g) = -8*g - g**r - 3 + 0 - 5. Calculate c(-6).
4
Let b(q) = 4*q + 1. Let h(g) = g - 6. Let a(m) = -m**3 - 3*m**2 - m + 2. Let x be a(-3). Let v be h(x). Determine b(v).
-3
Let c(r) = -r - 3. Let l be c(-6). Let g(t) = l*t**2 - 66*t + 66*t + 1. What is g(-1)?
4
Let a(v) be the second derivative of -1/120*v**5 - v + 0*v**3 - 1/180*v**6 + 0*v**2 + 0 + 1/6*v**4. Let u(j) be the third derivative of a(j). What is u(-1)?
3
Let s(d) be the second derivative of d**3/6 - d**2 + 8*d. Calculate s(2).
0
Let v(z) = -z**3 - 9*z**2 - 10*z - 8. Let g be (1*6)/(0 - 18/24). What is v(g)?
8
Let x(h) = -108 + 8*h + 95 - 6*h. What is x(9)?
5
Let q = 34 + -33. Let n(s) = s**2 - 3*s + 1. Calculate n(q).
-1
Let o(i) = -5*i**3 - i**2 - 2*i + 11. Let r(t) = 11*t**3 + 3*t**2 + 5*t - 23. Let l(q) = 13*o(q) + 6*r(q). Give l(-4).
5
Let a(y) = 3*y - 1. Let u = -16 - -10. Let p = -4 - u. Determine a(p).
5
Let f be ((-2)/(-3))/((-3)/(-9)). Let k(s) = -6*s + 2. Determine k(f).
-10
Let t(g) = 11*g**2 + 3*g - 8. Let i(h) = -6*h**2 - h + 3. Let c(a) = -5*i(a) - 2*t(a). Calculate c(1).
8
Let i(a) = -a**2 + 2*a + 4. Let w be (-6)/(-